he remainder when 207682 is divided by 868?
230
Calculate the remainder when 805413 is divided by 804584.
829
What is the remainder when 34346914 is divided by 8?
2
What is the remainder when 2775607 is divided by 1175?
257
Calculate the remainder when 15260876 is divided by 59.
54
Calculate the remainder when 305629 is divided by 43629.
226
Calculate the remainder when 1396360 is divided by 19.
12
Calculate the remainder when 2082945 is divided by 50.
45
What is the remainder when 9267766 is divided by 926776?
6
What is the remainder when 4116129 is divided by 13?
4
Calculate the remainder when 335362 is divided by 1096.
1082
What is the remainder when 1105824 is divided by 2234?
2228
Calculate the remainder when 14022849 is divided by 2573.
2572
What is the remainder when 17133359 is divided by 2477?
2427
Calculate the remainder when 805606 is divided by 53707.
1
What is the remainder when 140949462 is divided by 46983153?
3
Calculate the remainder when 27504239 is divided by 5221.
11
Calculate the remainder when 1932205 is divided by 193210.
105
What is the remainder when 144164 is divided by 513?
11
What is the remainder when 10943 is divided by 141?
86
Calculate the remainder when 12830418 is divided by 32400.
18
What is the remainder when 6025593 is divided by 33?
24
What is the remainder when 68601 is divided by 2329?
1060
What is the remainder when 7182702 is divided by 225?
27
Calculate the remainder when 44120722 is divided by 90.
22
What is the remainder when 864844 is divided by 5333?
898
Calculate the remainder when 30598823 is divided by 23.
14
What is the remainder when 3473593 is divided by 7?
4
Calculate the remainder when 11048004 is divided by 1227555.
9
What is the remainder when 1904423 is divided by 371?
80
Calculate the remainder when 6730078 is divided by 124631.
4
Calculate the remainder when 556753 is divided by 12370.
103
Calculate the remainder when 57821 is divided by 4434.
179
What is the remainder when 7574296 is divided by 15240?
16
Calculate the remainder when 1114087 is divided by 185658.
139
What is the remainder when 289035 is divided by 96345?
0
What is the remainder when 2163114 is divided by 432529?
469
What is the remainder when 1657592 is divided by 150689?
13
Calculate the remainder when 2678636 is divided by 409.
95
What is the remainder when 42464 is divided by 4464?
2288
What is the remainder when 61838 is divided by 1239?
1127
Calculate the remainder when 178598 is divided by 6377.
42
What is the remainder when 1454435 is divided by 71?
0
What is the remainder when 269179 is divided by 404?
115
What is the remainder when 16419448 is divided by 3456?
3448
Calculate the remainder when 242361 is divided by 127.
45
What is the remainder when 1140691967 is divided by 36?
35
What is the remainder when 552342744 is divided by 1057?
1052
Calculate the remainder when 2872718 is divided by 957553.
59
Calculate the remainder when 14980797 is divided by 14980791.
6
Calculate the remainder when 265502694 is divided by 32.
6
Calculate the remainder when 168536 is divided by 9897.
287
Calculate the remainder when 288930295 is divided by 104.
95
What is the remainder when 2566240 is divided by 3015?
475
What is the remainder when 355649 is divided by 912?
881
What is the remainder when 92677832 is divided by 2574383?
44
Calculate the remainder when 15281653 is divided by 646.
523
Calculate the remainder when 34094717 is divided by 3712.
3709
Calculate the remainder when 3779025 is divided by 85.
10
What is the remainder when 186290 is divided by 93126?
38
What is the remainder when 36528 is divided by 9660?
7548
Calculate the remainder when 192682 is divided by 63669.
1675
What is the remainder when 7016603 is divided by 148?
71
What is the remainder when 455265 is divided by 113693?
493
What is the remainder when 820593 is divided by 356?
13
What is the remainder when 57948 is divided by 967?
895
What is the remainder when 12089024 is divided by 225?
224
Calculate the remainder when 487398 is divided by 243493.
412
Calculate the remainder when 142915040 is divided by 332.
328
What is the remainder when 528531 is divided by 1622?
1381
Calculate the remainder when 2074669 is divided by 5862.
5383
What is the remainder when 121827489 is divided by 28?
21
Calculate the remainder when 1237394 is divided by 6187.
6181
Calculate the remainder when 8820942 is divided by 268.
258
What is the remainder when 1537787 is divided by 8888?
163
What is the remainder when 12572431 is divided by 87?
61
Calculate the remainder when 1314739 is divided by 262800.
739
Calculate the remainder when 240834444 is divided by 3316.
3312
Calculate the remainder when 3134831291 is divided by 563.
562
Calculate the remainder when 765348 is divided by 124.
20
What is the remainder when 1302743 is divided by 8?
7
What is the remainder when 3804522 is divided by 97?
85
Calculate the remainder when 16774465 is divided by 630.
85
Calculate the remainder when 56567320 is divided by 583.
579
What is the remainder when 5634731 is divided by 295?
231
Calculate the remainder when 1149227383 is divided by 17.
13
What is the remainder when 296696 is divided by 148286?
124
Calculate the remainder when 2553159 is divided by 39.
24
Calculate the remainder when 74952471 is divided by 55644.
3
Calculate the remainder when 3628550 is divided by 201583.
56
Calculate the remainder when 719340 is divided by 358499.
2342
Calculate the remainder when 154463 is divided by 15395.
513
Calculate the remainder when 230195 is divided by 5331.
962
Calculate the remainder when 221589 is divided by 24569.
468
What is the remainder when 5464533 is divided by 1821509?
6
Calculate the remainder when 5249 is divided by 164.
1
Calculate the remainder when 206594 is divided by 12912.
2
What is the remainder when 9961640 is divided by 2987?
2982
Calculate the remainder when 48992953 is divided by 11.
9
What is the remainder when 1324009 is divided by 264777?
124
Calculate the remainder when 3732555 is divided by 746504.
35
What is the remainder when 182458 is divided by 15204?
10
Calculate the remainder when 128213 is divided by 1519.
617
What is the remainder when 12653863 is divided by 258242?
5
Calculate the remainder when 2121928 is divided by 84877.
3
Calculate the remainder when 316892 is divided by 105484.
440
What is the remainder when 10465695 is divided by 36?
27
What is the remainder when 38348 is divided by 19122?
104
What is the remainder when 75111 is divided by 9012?
3015
What is the remainder when 326017 is divided by 1481?
197
Calculate the remainder when 274279 is divided by 126.
103
Calculate the remainder when 12610 is divided by 6249.
112
What is the remainder when 70789527 is divided by 1106?
1103
What is the remainder when 88206481 is divided by 457?
454
What is the remainder when 16492506 is divided by 149?
143
What is the remainder when 26114178 is divided by 59?
11
Calculate the remainder when 12044 is divided by 5987.
70
Calculate the remainder when 404583 is divided by 202272.
39
Calculate the remainder when 1453573 is divided by 7987.
7926
What is the remainder when 24383505 is divided by 23?
9
What is the remainder when 4817269 is divided by 701?
698
Calculate the remainder when 662589 is divided by 10517.
18
Calculate the remainder when 52116 is divided by 4337.
72
What is the remainder when 1916273 is divided by 638756?
5
Calculate the remainder when 880257 is divided by 146703.
39
What is the remainder when 53742953 is divided by 87959?
4
What is the remainder when 503108 is divided by 256?
68
Calculate the remainder when 432611 is divided by 216143.
325
What is the remainder when 413571 is divided by 137857?
0
What is the remainder when 29065984 is divided by 138?
10
What is the remainder when 62056 is divided by 61937?
119
Calculate the remainder when 221831 is divided by 1150.
1031
Calculate the remainder when 100261 is divided by 1967.
1911
Calculate the remainder when 3761387 is divided by 144665.
97
Calculate the remainder when 1232524 is divided by 1347.
19
What is the remainder when 34548 is divided by 32740?
1808
What is the remainder when 9369538 is divided by 755?
743
What is the remainder when 11957690 is divided by 1111?
1108
What 